[INFO] cloning repository https://github.com/karitra/lunic
[INFO] running `Command { std: "git" "-c" "credential.helper=" "-c" "credential.helper=/workspace/cargo-home/bin/git-credential-null" "clone" "--bare" "https://github.com/karitra/lunic" "/workspace/cache/git-repos/https%3A%2F%2Fgithub.com%2Fkaritra%2Flunic", kill_on_drop: false }`
[INFO] [stderr] Cloning into bare repository '/workspace/cache/git-repos/https%3A%2F%2Fgithub.com%2Fkaritra%2Flunic'...
[INFO] running `Command { std: "git" "rev-parse" "HEAD", kill_on_drop: false }`
[INFO] [stdout] 5e4b5d23919100c56952cb79def0a70115be63b4
[INFO] checking karitra/lunic against master#af3c6e733a40e671550e0f0f5aeecaa13772ba56 for pr-74989
[INFO] running `Command { std: "git" "clone" "/workspace/cache/git-repos/https%3A%2F%2Fgithub.com%2Fkaritra%2Flunic" "/workspace/builds/worker-9/source", kill_on_drop: false }`
[INFO] [stderr] Cloning into '/workspace/builds/worker-9/source'...
[INFO] [stderr] done.
[INFO] validating manifest of git repo https://github.com/karitra/lunic on toolchain af3c6e733a40e671550e0f0f5aeecaa13772ba56
[INFO] running `Command { std: "/workspace/cargo-home/bin/cargo" "+af3c6e733a40e671550e0f0f5aeecaa13772ba56" "read-manifest" "--manifest-path" "Cargo.toml", kill_on_drop: false }`
[INFO] started tweaking git repo https://github.com/karitra/lunic
[INFO] removed path dependency cocaine from git repo https://github.com/karitra/lunic
[INFO] finished tweaking git repo https://github.com/karitra/lunic
[INFO] tweaked toml for git repo https://github.com/karitra/lunic written to /workspace/builds/worker-9/source/Cargo.toml
[INFO] crate git repo https://github.com/karitra/lunic already has a lockfile, it will not be regenerated
[INFO] running `Command { std: "/workspace/cargo-home/bin/cargo" "+af3c6e733a40e671550e0f0f5aeecaa13772ba56" "fetch" "--locked" "--manifest-path" "Cargo.toml", kill_on_drop: false }`
[INFO] [stderr] warning: dependency (cocaine) specified without providing a local path, Git repository, or version to use. This will be considered an error in future versions
[INFO] [stderr]     Updating crates.io index
[INFO] [stderr] error: the lock file /workspace/builds/worker-9/source/Cargo.lock needs to be updated but --locked was passed to prevent this
[INFO] [stderr] If you want to try to generate the lock file without accessing the network, use the --offline flag.
[INFO] the lockfile is outdated, regenerating it
[INFO] running `Command { std: "/workspace/cargo-home/bin/cargo" "+af3c6e733a40e671550e0f0f5aeecaa13772ba56" "generate-lockfile" "--manifest-path" "Cargo.toml" "-Zno-index-update", kill_on_drop: false }`
[INFO] running `Command { std: "/workspace/cargo-home/bin/cargo" "+af3c6e733a40e671550e0f0f5aeecaa13772ba56" "fetch" "--locked" "--manifest-path" "Cargo.toml", kill_on_drop: false }`
[INFO] [stderr] warning: dependency (cocaine) specified without providing a local path, Git repository, or version to use. This will be considered an error in future versions
[INFO] running `Command { std: "docker" "create" "-v" "/var/lib/crater-agent-workspace/builds/worker-9/target:/opt/rustwide/target:rw,Z" "-v" "/var/lib/crater-agent-workspace/builds/worker-9/source:/opt/rustwide/workdir:ro,Z" "-v" "/var/lib/crater-agent-workspace/cargo-home:/opt/rustwide/cargo-home:ro,Z" "-v" "/var/lib/crater-agent-workspace/rustup-home:/opt/rustwide/rustup-home:ro,Z" "-e" "SOURCE_DIR=/opt/rustwide/workdir" "-e" "CARGO_TARGET_DIR=/opt/rustwide/target" "-e" "CARGO_HOME=/opt/rustwide/cargo-home" "-e" "RUSTUP_HOME=/opt/rustwide/rustup-home" "-w" "/opt/rustwide/workdir" "-m" "1610612736" "--user" "0:0" "--network" "none" "rustops/crates-build-env@sha256:d92eaeed33fa75130ca1ee6c8a01d1ffb62bac859dfdfb3450e3e5d1c0146529" "/opt/rustwide/cargo-home/bin/cargo" "+af3c6e733a40e671550e0f0f5aeecaa13772ba56" "metadata" "--no-deps" "--format-version=1", kill_on_drop: false }`
[INFO] [stderr] WARNING: Your kernel does not support swap limit capabilities or the cgroup is not mounted. Memory limited without swap.
[INFO] [stdout] 76822e3c8e63360e9fc15293073a27e70859d5f8a039793597fec1452b6d3835
[INFO] running `Command { std: "docker" "start" "-a" "76822e3c8e63360e9fc15293073a27e70859d5f8a039793597fec1452b6d3835", kill_on_drop: false }`
[INFO] running `Command { std: "docker" "inspect" "76822e3c8e63360e9fc15293073a27e70859d5f8a039793597fec1452b6d3835", kill_on_drop: false }`
[INFO] running `Command { std: "docker" "rm" "-f" "76822e3c8e63360e9fc15293073a27e70859d5f8a039793597fec1452b6d3835", kill_on_drop: false }`
[INFO] [stdout] 76822e3c8e63360e9fc15293073a27e70859d5f8a039793597fec1452b6d3835
[INFO] running `Command { std: "docker" "create" "-v" "/var/lib/crater-agent-workspace/builds/worker-9/target:/opt/rustwide/target:rw,Z" "-v" "/var/lib/crater-agent-workspace/builds/worker-9/source:/opt/rustwide/workdir:ro,Z" "-v" "/var/lib/crater-agent-workspace/cargo-home:/opt/rustwide/cargo-home:ro,Z" "-v" "/var/lib/crater-agent-workspace/rustup-home:/opt/rustwide/rustup-home:ro,Z" "-e" "SOURCE_DIR=/opt/rustwide/workdir" "-e" "CARGO_TARGET_DIR=/opt/rustwide/target" "-e" "CARGO_INCREMENTAL=0" "-e" "RUST_BACKTRACE=full" "-e" "RUSTFLAGS=--cap-lints=forbid" "-e" "CARGO_HOME=/opt/rustwide/cargo-home" "-e" "RUSTUP_HOME=/opt/rustwide/rustup-home" "-w" "/opt/rustwide/workdir" "-m" "1610612736" "--user" "0:0" "--network" "none" "rustops/crates-build-env@sha256:d92eaeed33fa75130ca1ee6c8a01d1ffb62bac859dfdfb3450e3e5d1c0146529" "/opt/rustwide/cargo-home/bin/cargo" "+af3c6e733a40e671550e0f0f5aeecaa13772ba56" "check" "--frozen" "--all" "--all-targets" "--message-format=json", kill_on_drop: false }`
[INFO] [stdout] c4913907d1be1567c95de9572c313ab717a1640d74fa9f8e627b59b2ed171b1a
[INFO] [stderr] WARNING: Your kernel does not support swap limit capabilities or the cgroup is not mounted. Memory limited without swap.
[INFO] running `Command { std: "docker" "start" "-a" "c4913907d1be1567c95de9572c313ab717a1640d74fa9f8e627b59b2ed171b1a", kill_on_drop: false }`
[INFO] [stderr] warning: dependency (cocaine) specified without providing a local path, Git repository, or version to use. This will be considered an error in future versions
[INFO] [stderr]    Compiling libc v0.2.77
[INFO] [stderr]     Checking cfg-if v0.1.10
[INFO] [stderr]    Compiling maybe-uninit v2.0.0
[INFO] [stderr]    Compiling log v0.4.11
[INFO] [stderr]    Compiling byteorder v1.3.4
[INFO] [stderr]     Checking lazy_static v1.4.0
[INFO] [stderr]    Compiling semver-parser v0.7.0
[INFO] [stderr]     Checking futures v0.1.29
[INFO] [stderr]     Checking scopeguard v1.1.0
[INFO] [stderr]     Checking slab v0.4.2
[INFO] [stderr]    Compiling proc-macro2 v1.0.21
[INFO] [stderr]    Compiling unicode-xid v0.2.1
[INFO] [stderr]     Checking fnv v1.0.7
[INFO] [stderr]    Compiling syn v1.0.41
[INFO] [stderr]    Compiling serde_derive v1.0.116
[INFO] [stderr]     Checking scoped-tls v0.1.2
[INFO] [stderr]     Checking bitflags v0.9.1
[INFO] [stderr]     Checking bitflags v0.7.0
[INFO] [stderr]    Compiling crossbeam-utils v0.7.2
[INFO] [stderr]    Compiling memoffset v0.5.5
[INFO] [stderr]    Compiling crossbeam-epoch v0.8.2
[INFO] [stderr]    Compiling time v0.2.19
[INFO] [stderr]     Checking yaml-rust v0.4.4
[INFO] [stderr]     Checking lock_api v0.3.4
[INFO] [stderr]    Compiling standback v0.2.10
[INFO] [stderr]    Compiling const_fn v0.4.2
[INFO] [stderr]     Checking serde_bytes v0.11.5
[INFO] [stderr]    Compiling semver v0.9.0
[INFO] [stderr]     Checking smallvec v0.6.13
[INFO] [stderr]     Checking log v0.3.9
[INFO] [stderr]    Compiling rustc_version v0.2.3
[INFO] [stderr]     Checking crossbeam-queue v0.2.3
[INFO] [stderr]     Checking rmp v0.8.9
[INFO] [stderr]    Compiling quote v1.0.7
[INFO] [stderr]    Compiling parking_lot_core v0.6.2
[INFO] [stderr]    Compiling parking_lot v0.9.0
[INFO] [stderr]     Checking crossbeam-deque v0.7.3
[INFO] [stderr]     Checking iovec v0.1.4
[INFO] [stderr]     Checking net2 v0.2.35
[INFO] [stderr]     Checking num_cpus v1.13.0
[INFO] [stderr]     Checking term_size v0.3.2
[INFO] [stderr]     Checking atty v0.2.14
[INFO] [stderr]     Checking rmp-serde v0.13.7
[INFO] [stderr]     Checking rmpv v0.4.5
[INFO] [stderr]     Checking textwrap v0.8.0
[INFO] [stderr]     Checking bytes v0.4.12
[INFO] [stderr]     Checking mio v0.6.22
[INFO] [stderr]     Checking clap v2.26.2
[INFO] [stderr]     Checking tokio-executor v0.1.10
[INFO] [stderr]     Checking tokio-sync v0.1.8
[INFO] [stderr]     Checking tokio-io v0.1.13
[INFO] [stderr]     Checking tokio-threadpool v0.1.18
[INFO] [stderr]     Checking tokio-timer v0.2.13
[INFO] [stderr]     Checking tokio-current-thread v0.1.7
[INFO] [stderr]     Checking tokio-codec v0.1.2
[INFO] [stderr]     Checking mio-uds v0.6.8
[INFO] [stderr]     Checking tokio-reactor v0.1.12
[INFO] [stderr]     Checking tokio-fs v0.1.7
[INFO] [stderr]     Checking tokio-tcp v0.1.4
[INFO] [stderr]     Checking tokio-uds v0.2.7
[INFO] [stderr]     Checking tokio-udp v0.1.6
[INFO] [stderr]     Checking tokio v0.1.22
[INFO] [stderr]     Checking tokio-core v0.1.17
[INFO] [stderr]    Compiling time-macros-impl v0.1.1
[INFO] [stderr]     Checking time-macros v0.1.0
[INFO] [stderr]     Checking cocaine v0.9.2
[INFO] [stderr]     Checking lunic v0.1.0 (/opt/rustwide/workdir)
[INFO] [stdout] error[E0425]: cannot find function `now` in crate `time`
[INFO] [stdout]    --> src/engine.rs:136:37
[INFO] [stdout]     |
[INFO] [stdout] 136 |                     let now = time::now();
[INFO] [stdout]     |                                     ^^^ not found in `time`
[INFO] [stdout]     |
[INFO] [stdout] help: consider importing this function
[INFO] [stdout]     |
[INFO] [stdout] 1   | use engine::io::sys::time::inner::now;
[INFO] [stdout]     |
[INFO] [stdout] 
[INFO] [stdout] 
[INFO] [stdout] error[E0425]: cannot find function `now` in crate `time`
[INFO] [stdout]    --> src/engine.rs:150:38
[INFO] [stdout]     |
[INFO] [stdout] 150 |                     let diff = time::now() - start;
[INFO] [stdout]     |                                      ^^^ not found in `time`
[INFO] [stdout]     |
[INFO] [stdout] help: consider importing this function
[INFO] [stdout]     |
[INFO] [stdout] 1   | use engine::io::sys::time::inner::now;
[INFO] [stdout]     |
[INFO] [stdout] 
[INFO] [stdout] 
[INFO] [stdout] error[E0425]: cannot find function `get_time` in crate `time`
[INFO] [stdout]   --> src/secure.rs:47:46
[INFO] [stdout]    |
[INFO] [stdout] 47 |                 if self.last_updated < time::get_time().sec - to_expire {
[INFO] [stdout]    |                                              ^^^^^^^^ not found in `time`
[INFO] [stdout] 
[INFO] [stdout] 
[INFO] [stdout] error[E0425]: cannot find function `now` in crate `time`
[INFO] [stdout]    --> src/engine.rs:136:37
[INFO] [stdout]     |
[INFO] [stdout] 136 |                     let now = time::now();
[INFO] [stdout]     |                                     ^^^ not found in `time`
[INFO] [stdout]     |
[INFO] [stdout] help: consider importing this function
[INFO] [stdout]     |
[INFO] [stdout] 1   | use engine::io::sys::time::inner::now;
[INFO] [stdout]     |
[INFO] [stdout] 
[INFO] [stdout] 
[INFO] [stdout] error[E0425]: cannot find function `now` in crate `time`
[INFO] [stdout]    --> src/engine.rs:150:38
[INFO] [stdout]     |
[INFO] [stdout] 150 |                     let diff = time::now() - start;
[INFO] [stdout]     |                                      ^^^ not found in `time`
[INFO] [stdout]     |
[INFO] [stdout] help: consider importing this function
[INFO] [stdout]     |
[INFO] [stdout] 1   | use engine::io::sys::time::inner::now;
[INFO] [stdout]     |
[INFO] [stdout] 
[INFO] [stdout] 
[INFO] [stdout] warning: trait objects without an explicit `dyn` are deprecated
[INFO] [stdout]   --> src/engine.rs:55:12
[INFO] [stdout]    |
[INFO] [stdout] 55 |     -> Box<Future<Item=bool, Error=CombinedError> + 'a>
[INFO] [stdout]    |            ^^^^^^^^^^^^^^^^^^^^^^^^^^^^^^^^^^^^^^^^^^^ help: use `dyn`: `dyn Future<Item=bool, Error=CombinedError> + 'a`
[INFO] [stdout]    |
[INFO] [stdout]    = note: `#[warn(bare_trait_objects)]` on by default
[INFO] [stdout] 
[INFO] [stdout] 
[INFO] [stdout] warning: trait objects without an explicit `dyn` are deprecated
[INFO] [stdout]   --> src/engine.rs:94:12
[INFO] [stdout]    |
[INFO] [stdout] 94 |     -> Box<Future<Item=bool, Error=CombinedError> + 'a>
[INFO] [stdout]    |            ^^^^^^^^^^^^^^^^^^^^^^^^^^^^^^^^^^^^^^^^^^^ help: use `dyn`: `dyn Future<Item=bool, Error=CombinedError> + 'a`
[INFO] [stdout] 
[INFO] [stdout] 
[INFO] [stdout] warning: trait objects without an explicit `dyn` are deprecated
[INFO] [stdout]   --> src/secure.rs:14:43
[INFO] [stdout]    |
[INFO] [stdout] 14 |     fn ticket_as_header(&mut self) -> Box<Future<Item = Option<String>, Error = Error>>;
[INFO] [stdout]    |                                           ^^^^^^^^^^^^^^^^^^^^^^^^^^^^^^^^^^^^^^^^^^^^ help: use `dyn`: `dyn Future<Item = Option<String>, Error = Error>`
[INFO] [stdout] 
[INFO] [stdout] 
[INFO] [stdout] warning: trait objects without an explicit `dyn` are deprecated
[INFO] [stdout]   --> src/secure.rs:44:37
[INFO] [stdout]    |
[INFO] [stdout] 44 |     pub fn ticket(&mut self) -> Box<Future<Item = String, Error = Error>> {
[INFO] [stdout]    |                                     ^^^^^^^^^^^^^^^^^^^^^^^^^^^^^^^^^^^^ help: use `dyn`: `dyn Future<Item = String, Error = Error>`
[INFO] [stdout] 
[INFO] [stdout] 
[INFO] [stdout] warning: trait objects without an explicit `dyn` are deprecated
[INFO] [stdout]   --> src/secure.rs:56:35
[INFO] [stdout]    |
[INFO] [stdout] 56 |     fn get_or_fetch(&self) -> Box<Future<Item = String, Error = Error>> {
[INFO] [stdout]    |                                   ^^^^^^^^^^^^^^^^^^^^^^^^^^^^^^^^^^^^ help: use `dyn`: `dyn Future<Item = String, Error = Error>`
[INFO] [stdout] 
[INFO] [stdout] 
[INFO] [stdout] warning: trait objects without an explicit `dyn` are deprecated
[INFO] [stdout]   --> src/secure.rs:64:44
[INFO] [stdout]    |
[INFO] [stdout] 64 |     fn update_and_get_cached(&self) -> Box<Future<Item = String, Error = Error>> {
[INFO] [stdout]    |                                            ^^^^^^^^^^^^^^^^^^^^^^^^^^^^^^^^^^^^ help: use `dyn`: `dyn Future<Item = String, Error = Error>`
[INFO] [stdout] 
[INFO] [stdout] 
[INFO] [stdout] warning: trait objects without an explicit `dyn` are deprecated
[INFO] [stdout]   --> src/secure.rs:74:35
[INFO] [stdout]    |
[INFO] [stdout] 74 |     fn fetch_ticket(&self) -> Box<Future<Item = String, Error = Error>> {
[INFO] [stdout]    |                                   ^^^^^^^^^^^^^^^^^^^^^^^^^^^^^^^^^^^^ help: use `dyn`: `dyn Future<Item = String, Error = Error>`
[INFO] [stdout] 
[INFO] [stdout] 
[INFO] [stdout] warning: trait objects without an explicit `dyn` are deprecated
[INFO] [stdout]   --> src/secure.rs:83:43
[INFO] [stdout]    |
[INFO] [stdout] 83 |     fn ticket_as_header(&mut self) -> Box<Future<Item = Option<String>, Error = Error>> {
[INFO] [stdout]    |                                           ^^^^^^^^^^^^^^^^^^^^^^^^^^^^^^^^^^^^^^^^^^^^ help: use `dyn`: `dyn Future<Item = Option<String>, Error = Error>`
[INFO] [stdout] 
[INFO] [stdout] 
[INFO] [stdout] warning: trait objects without an explicit `dyn` are deprecated
[INFO] [stdout]   --> src/secure.rs:93:43
[INFO] [stdout]    |
[INFO] [stdout] 93 |     fn ticket_as_header(&mut self) -> Box<Future<Item = Option<String>, Error = Error>> {
[INFO] [stdout]    |                                           ^^^^^^^^^^^^^^^^^^^^^^^^^^^^^^^^^^^^^^^^^^^^ help: use `dyn`: `dyn Future<Item = Option<String>, Error = Error>`
[INFO] [stdout] 
[INFO] [stdout] 
[INFO] [stdout] warning: trait objects without an explicit `dyn` are deprecated
[INFO] [stdout]   --> src/secure.rs:99:70
[INFO] [stdout]    |
[INFO] [stdout] 99 | pub fn make_ticket_service(service: Service, config: &Config) -> Box<SecureProxy>
[INFO] [stdout]    |                                                                      ^^^^^^^^^^^ help: use `dyn`: `dyn SecureProxy`
[INFO] [stdout] 
[INFO] [stdout] 
[INFO] [stdout] error[E0425]: cannot find function `get_time` in crate `time`
[INFO] [stdout]   --> src/secure.rs:47:46
[INFO] [stdout]    |
[INFO] [stdout] 47 |                 if self.last_updated < time::get_time().sec - to_expire {
[INFO] [stdout]    |                                              ^^^^^^^^ not found in `time`
[INFO] [stdout] 
[INFO] [stdout] 
[INFO] [stdout] warning: trait objects without an explicit `dyn` are deprecated
[INFO] [stdout]   --> src/engine.rs:55:12
[INFO] [stdout]    |
[INFO] [stdout] 55 |     -> Box<Future<Item=bool, Error=CombinedError> + 'a>
[INFO] [stdout]    |            ^^^^^^^^^^^^^^^^^^^^^^^^^^^^^^^^^^^^^^^^^^^ help: use `dyn`: `dyn Future<Item=bool, Error=CombinedError> + 'a`
[INFO] [stdout]    |
[INFO] [stdout]    = note: `#[warn(bare_trait_objects)]` on by default
[INFO] [stdout] 
[INFO] [stdout] 
[INFO] [stdout] warning: trait objects without an explicit `dyn` are deprecated
[INFO] [stdout]   --> src/engine.rs:94:12
[INFO] [stdout]    |
[INFO] [stdout] 94 |     -> Box<Future<Item=bool, Error=CombinedError> + 'a>
[INFO] [stdout]    |            ^^^^^^^^^^^^^^^^^^^^^^^^^^^^^^^^^^^^^^^^^^^ help: use `dyn`: `dyn Future<Item=bool, Error=CombinedError> + 'a`
[INFO] [stdout] 
[INFO] [stdout] 
[INFO] [stdout] warning: trait objects without an explicit `dyn` are deprecated
[INFO] [stdout]   --> src/secure.rs:14:43
[INFO] [stdout]    |
[INFO] [stdout] 14 |     fn ticket_as_header(&mut self) -> Box<Future<Item = Option<String>, Error = Error>>;
[INFO] [stdout]    |                                           ^^^^^^^^^^^^^^^^^^^^^^^^^^^^^^^^^^^^^^^^^^^^ help: use `dyn`: `dyn Future<Item = Option<String>, Error = Error>`
[INFO] [stdout] 
[INFO] [stdout] 
[INFO] [stdout] warning: trait objects without an explicit `dyn` are deprecated
[INFO] [stdout]   --> src/secure.rs:44:37
[INFO] [stdout]    |
[INFO] [stdout] 44 |     pub fn ticket(&mut self) -> Box<Future<Item = String, Error = Error>> {
[INFO] [stdout]    |                                     ^^^^^^^^^^^^^^^^^^^^^^^^^^^^^^^^^^^^ help: use `dyn`: `dyn Future<Item = String, Error = Error>`
[INFO] [stdout] 
[INFO] [stdout] 
[INFO] [stdout] warning: trait objects without an explicit `dyn` are deprecated
[INFO] [stdout]   --> src/secure.rs:56:35
[INFO] [stdout]    |
[INFO] [stdout] 56 |     fn get_or_fetch(&self) -> Box<Future<Item = String, Error = Error>> {
[INFO] [stdout]    |                                   ^^^^^^^^^^^^^^^^^^^^^^^^^^^^^^^^^^^^ help: use `dyn`: `dyn Future<Item = String, Error = Error>`
[INFO] [stdout] 
[INFO] [stdout] 
[INFO] [stdout] warning: trait objects without an explicit `dyn` are deprecated
[INFO] [stdout]   --> src/secure.rs:64:44
[INFO] [stdout]    |
[INFO] [stdout] 64 |     fn update_and_get_cached(&self) -> Box<Future<Item = String, Error = Error>> {
[INFO] [stdout]    |                                            ^^^^^^^^^^^^^^^^^^^^^^^^^^^^^^^^^^^^ help: use `dyn`: `dyn Future<Item = String, Error = Error>`
[INFO] [stdout] 
[INFO] [stdout] 
[INFO] [stdout] warning: trait objects without an explicit `dyn` are deprecated
[INFO] [stdout]   --> src/secure.rs:74:35
[INFO] [stdout]    |
[INFO] [stdout] 74 |     fn fetch_ticket(&self) -> Box<Future<Item = String, Error = Error>> {
[INFO] [stdout]    |                                   ^^^^^^^^^^^^^^^^^^^^^^^^^^^^^^^^^^^^ help: use `dyn`: `dyn Future<Item = String, Error = Error>`
[INFO] [stdout] 
[INFO] [stdout] 
[INFO] [stdout] warning: trait objects without an explicit `dyn` are deprecated
[INFO] [stdout]   --> src/secure.rs:83:43
[INFO] [stdout]    |
[INFO] [stdout] 83 |     fn ticket_as_header(&mut self) -> Box<Future<Item = Option<String>, Error = Error>> {
[INFO] [stdout]    |                                           ^^^^^^^^^^^^^^^^^^^^^^^^^^^^^^^^^^^^^^^^^^^^ help: use `dyn`: `dyn Future<Item = Option<String>, Error = Error>`
[INFO] [stdout] 
[INFO] [stdout] 
[INFO] [stdout] warning: trait objects without an explicit `dyn` are deprecated
[INFO] [stdout]   --> src/secure.rs:93:43
[INFO] [stdout]    |
[INFO] [stdout] 93 |     fn ticket_as_header(&mut self) -> Box<Future<Item = Option<String>, Error = Error>> {
[INFO] [stdout]    |                                           ^^^^^^^^^^^^^^^^^^^^^^^^^^^^^^^^^^^^^^^^^^^^ help: use `dyn`: `dyn Future<Item = Option<String>, Error = Error>`
[INFO] [stdout] 
[INFO] [stdout] 
[INFO] [stdout] warning: trait objects without an explicit `dyn` are deprecated
[INFO] [stdout]   --> src/secure.rs:99:70
[INFO] [stdout]    |
[INFO] [stdout] 99 | pub fn make_ticket_service(service: Service, config: &Config) -> Box<SecureProxy>
[INFO] [stdout]    |                                                                      ^^^^^^^^^^^ help: use `dyn`: `dyn SecureProxy`
[INFO] [stdout] 
[INFO] [stdout] 
[INFO] [stdout] error: aborting due to 3 previous errors; 10 warnings emitted
[INFO] [stdout] 
[INFO] [stdout] 
[INFO] [stdout] For more information about this error, try `rustc --explain E0425`.
[INFO] [stdout] 
[INFO] [stdout] error: aborting due to 3 previous errors; 10 warnings emitted
[INFO] [stdout] 
[INFO] [stdout] 
[INFO] [stdout] For more information about this error, try `rustc --explain E0425`.
[INFO] [stdout] 
[INFO] [stderr] error: could not compile `lunic`.
[INFO] [stderr] 
[INFO] [stderr] To learn more, run the command again with --verbose.
[INFO] [stderr] warning: build failed, waiting for other jobs to finish...
[INFO] [stderr] error: build failed
[INFO] running `Command { std: "docker" "inspect" "c4913907d1be1567c95de9572c313ab717a1640d74fa9f8e627b59b2ed171b1a", kill_on_drop: false }`
[INFO] running `Command { std: "docker" "rm" "-f" "c4913907d1be1567c95de9572c313ab717a1640d74fa9f8e627b59b2ed171b1a", kill_on_drop: false }`
[INFO] [stdout] c4913907d1be1567c95de9572c313ab717a1640d74fa9f8e627b59b2ed171b1a
